m. Suppose -3*y - h + 8 = -u, 5*u = -y + 191. What is the units digit of u?
9
Let h(n) = 10*n + 4. Let y be h(-3). Let i = 2 - y. Suppose u - i = -u. What is the units digit of u?
4
Let w be 6/(-21)*-1*-7. What is the units digit of w/(-3)*(257 - 2) - 1?
9
Suppose 0 = -3*q - 8 + 17. Suppose -3*o = q*j - 684, 2*j - 4*o - 462 = -8*o. What is the hundreds digit of j?
2
Suppose -3*s - 5*s = -2048. What is the hundreds digit of s?
2
Let n(v) be the first derivative of v**2/2 + 58*v - 6. Let w be n(0). Let g = w + -39. What is the tens digit of g?
1
Suppose 3 = -t - 5*g, -2*t + 3*g + 3 = 4*g. Suppose -o - 2*a = -12, 5*a - 17 = -t*o + 5. What is the tens digit of o?
1
What is the hundreds digit of 663 - 5 - (-44)/11?
6
Let c(k) = -2*k + 40 - 9*k + 12*k - 14. Let b be 2/(4/(-26)) - -2. What is the units digit of c(b)?
5
What is the units digit of (-115)/(-23) - (-612 + -2 + 2)?
7
Let o be (-2)/(-7) - 7/((-49)/1020). Let v = 309 - o. What is the hundreds digit of v?
1
Let r(k) = k**3 + 3*k**2 + 3*k + 10. Let s be r(-5). Let z = s + 181. What is the units digit of z?
6
Let c(h) = -24*h - 5. Let b(x) = -x - 1. Let a(u) = -3*b(u) + c(u). Let r be a(-2). Suppose j - 5*j + r = 0. What is the tens digit of j?
1
Suppose 0 = -0*h - 2*h. Suppose h*y = -5*y - 835. What is the units digit of (-3)/(-18) + y/(-6)?
8
Let l(b) = 1570*b - 346. What is the hundreds digit of l(2)?
7
Suppose -786*t - 8880 = -791*t. What is the thousands digit of t?
1
Let k = 46 - 173. Let f = -91 - k. What is the units digit of f?
6
Let g = -2524 + 3653. What is the hundreds digit of g?
1
Suppose -3*m - 14796 = -5*n, 1479 = -4*n - m + 13309. What is the tens digit of n?
5
Let j = -66 - -74. Suppose 6*l - j*l + 268 = 0. What is the hundreds digit of l?
1
Suppose 8 = 5*z + 3*l, 5*z - 3*z + 4*l = -8. Suppose 0 = -5*m + 3*v + 11, z*m - 11 = 2*m - v. Suppose 17 = m*t + 9. What is the units digit of t?
2
Let t(b) = -b**3 - 5*b**2 - 4*b + 5. Suppose q = -1 - 3. Let i be t(q). Suppose -x - 2 - 4 = 4*h, i*x - 45 = 5*h. What is the units digit of x?
6
Let x(w) = -6*w**2 - 3*w. Let f be x(4). Let s = -38 - f. What is the tens digit of s?
7
Let n be 2 + 0 + (1 - 2). Let r(u) = -u**2 - u + 1. Let m be r(n). What is the tens digit of 120/5 - m*3?
2
Let l = -2772 + 7380. What is the hundreds digit of l?
6
Let x(o) = 11*o - 12. Let g(u) = -u**2 - 6*u + 17. Let k be g(-7). What is the units digit of x(k)?
8
Suppose 8*d + 30 = 10*d. Suppose -n + 5 = 2. Suppose -60 = -5*c - n*i, 4*c = 3*i + 6 + d. What is the units digit of c?
9
What is the thousands digit of 9 + 17230/10 - 2?
1
Let b(s) = s**3 - 5*s**2 - s + 10. Let f be b(5). Let a(u) = 21*u + 8. Let v be a(f). Suppose -5 + v = 3*l. What is the tens digit of l?
3
Suppose -3*u - 2*y - 57 = 20, -3*y - 43 = 2*u. Let q = u + 74. What is the units digit of q?
5
Suppose -10*t + 36 + 34 = 0. Suppose 805 = -2*s + t*s. What is the hundreds digit of s?
1
Let x(s) = -2*s**2 + 16*s + 10. Let z be x(8). What is the tens digit of 966/z - (-2)/5?
9
Suppose -15334 = 55*d - 72*d. What is the tens digit of d?
0
Suppose 6*f = 27 - 3. Suppose -f*d + 2*d + 72 = 0. What is the units digit of d?
6
Suppose -3*k = -5*x - 0*k + 47, x + 2*k = -1. Let a be 3/(-1)*(x + -6). Let z = a + 22. What is the tens digit of z?
1
Let u = 19 + -18. What is the units digit of u - 12/4 - -152?
0
Let w(r) = 28*r + 40. What is the units digit of w(7)?
6
Suppose -2*m + 8*m = 114. Suppose 4*f + 3*b + 2*b = m, -5*b = -5*f - 10. Suppose -5 - f = -3*w. What is the units digit of w?
2
Let a = 611 - -1036. What is the tens digit of a?
4
Let m = -18 + 18. Suppose m*s = -5*s - 55. Let j(r) = -r - 2. What is the units digit of j(s)?
9
Let f(w) = w**2 + 2. Let s be f(-2). Suppose 18 = 4*b + s. Suppose b + 85 = 4*u. What is the tens digit of u?
2
Let y(w) = w**3 - 8*w**2 + 9*w - 3. Let f be y(6). Let d be 64 + 4 + f/3. Suppose -b + d = 13. What is the tens digit of b?
4
Suppose 5*m + 4*g - 17 = 0, -7*g + 18 = 4*m - 6*g. Let d(u) = -u**2 + u + 3. Let q be d(0). Let y = q + m. What is the units digit of y?
8
What is the tens digit of -1 + 126/114 + (-1945752)/(-361)?
9
Let m be (-2)/11 - (-395)/55. Let y(i) = 3*i - 6. What is the tens digit of y(m)?
1
Let r = -97 - -1468. What is the thousands digit of r?
1
Let k be (-395 + (4 - 8))*(-3 - -2). Suppose 2*o = -3*t + 266, -2*t - k = -3*o - 4*t. What is the units digit of o?
3
Let c(f) = -f**2 + 9*f + 6. Let q be c(10). Let i be -3 + (q - -2) + -1. What is the units digit of i/24 - (-53)/4?
3
Suppose 2*b + 1118 = m + 5*b, 0 = -4*m + 5*b + 4438. What is the units digit of m?
2
What is the hundreds digit of (-4824)/(-16) - (2 + (-7)/2)?
3
Suppose 2*x + 2*s - 479 = 3*s, 3*x + 5*s = 725. What is the hundreds digit of x?
2
Let b be (-8)/((-8)/(-28) - (-27)/(-21)). Suppose 0 = -6*d + b*d - 138. What is the units digit of d?
9
Let g = 716 + -712. Suppose 0*s = 4*s. Suppose g*b - 6 - 10 = s. What is the units digit of b?
4
What is the hundreds digit of (39/15 - 3) + (-2434)/(-10)?
2
Let l(x) = 35*x**2 - 28*x + 2. What is the units digit of l(7)?
1
Suppose -2*z - 41 = -9. Let p = 68 - z. What is the tens digit of p?
8
What is the tens digit of (-8)/(-4*4/32)?
1
Let o be (5 + -5)/(-1 + 0). Let f be (5 - (-4 + 4)) + o. Suppose -t + 18 = -f. What is the units digit of t?
3
Let j = -81 - -85. Suppose 452 = j*r - 132. What is the units digit of r?
6
Suppose 285 = -3*w + 6*w. Let c = -62 + w. What is the units digit of c?
3
Let o(s) = -2*s**3 - 13*s**2 - 14*s - 6. What is the units digit of o(-6)?
2
Let n(p) = 2*p**2 - 2*p - 3. Let q be n(3). Let u(v) = -6*v - 6. Let a be u(q). Let z = 123 + a. What is the tens digit of z?
6
Suppose -218*o = -239*o + 32109. What is the hundreds digit of o?
5
Let p = 2214 + -840. What is the tens digit of p?
7
What is the hundreds digit of 1006/6 + 16/48?
1
Let f(z) be the second derivative of -z**4/12 + 3*z**3/2 - z**2 - 31*z. What is the units digit of f(4)?
8
What is the tens digit of (6/(-12))/((-20268)/20264 - -1)?
3
Let w = -359 + 2395. What is the tens digit of w?
3
Suppose -r - 2*k + 1534 = 0, 0 = -r - 8*k + 13*k + 1520. What is the tens digit of r?
3
Suppose -87 = -4*m - 951. Let k = -75 - m. What is the tens digit of k?
4
Let y = 95 + -33. Let p = y - 8. What is the tens digit of p?
5
Let b = 14140 - 10079. What is the thousands digit of b?
4
Let z(o) = o + 3. Let c be z(-10). Let i be c - 57 - -1*1. Let u = 92 + i. What is the tens digit of u?
2
Suppose 0 = n - 0 + 1. Let i(l) = -86*l - 8. What is the tens digit of i(n)?
7
Let v be 1/1*(-2)/10*0. Suppose v = 2*o + o - 366. What is the units digit of o?
2
Suppose 60*l - 15024 = 48*l. What is the hundreds digit of l?
2
Let w(u) = -76 + u**3 + 10*u**2 + 55 + 0*u**3 - 14*u. What is the units digit of w(-11)?
2
Let h(a) = a**3 + 7*a**2 + 6*a. Let u be h(-6). Suppose u*f = -2*f + 176. Suppose 0 = -n - 3*n + f. What is the units digit of n?
2
What is the tens digit of (576/30)/(6/20) + 2?
6
What is the tens digit of (0 - 5) + (1 - 0) + 292?
8
Let k = 15 + -11. What is the units digit of 1 - 94/k*-4?
5
Suppose -49*n = -40*n - 13653. What is the tens digit of n?
1
Suppose 3*b + 5*r - 43 = 0, 1 + 2 = 3*b - 3*r. Suppose b*w = -w. Suppose 2*a = -2*f + 68, -a + w*f = 3*f - 44. What is the units digit of a?
9
Let o(y) = 95*y - 261. What is the units digit of o(7)?
4
Let g be (16/(-6))/((-22)/33). What is the tens digit of ((3 - g)/3)/(3/(-522))?
5
Let o be (1 + 4/(-3))*-12. What is the tens digit of 10/o*(41 - 3)*1?
9
Suppose -4*g = -12*g + 1144. What is the hundreds digit of g?
1
Let a = 36 + -32. Suppose -4*l - m = l - 869, 523 = 3*l - m. What is the units digit of 2/a + l/4?
4
Let o be (-224)/(-24)*((-7)/(-2) + -2). Suppose 0 = 3*q - 7 - o. What is the units digit of q?
7
Let t = -3236 - -5917. What is the tens digit of t?
8
Let i be (-107)/5 - 2/(-5). Let x(k) = -k**2 - 25*k - 22. What is the units digit of x(i)?
2
Let y = 429 + -232. What is the hundreds digit of y?
1
Let t(u) be the first derivative of 5*u**3 - 3*u**2/2 - 2*u + 15. What is the units digit of t(-2)?
4
Let b(q) = -q**3 - 6*q**2 + 5*q - 1. Let p be (-4 - -2)/(2/7). What is the tens digit of b(p)?
1
Let o be 2*-3 + 9 + -11. Let k(n) = -12 - n**3 - n**3 + 3*n**3 + 7*n**2 - 12*n. What is the units digit of k(o)?
0
Suppose -k + 3